9)/(1/(-3))?
7
Suppose 4*w - 1071 - 15827 = -5*k, 13502 = 4*k - 5*w. What is the thousands digit of k?
3
Suppose -h - 16 = -5*a - 0*h, -5*a - 4*h + 36 = 0. Let r = -49 + 66. Suppose -x + a = -r. What is the tens digit of x?
2
Suppose 2*k = c + 2527, 5*k = 3*c + 5804 + 511. What is the tens digit of k?
6
Suppose -2*c = c - 39. Suppose -4 = 9*n - c*n. What is the units digit of 95/38*(1 + n)?
5
Suppose -3*h - 6*p + p = -313, 0 = 5*h - 2*p - 532. What is the hundreds digit of h?
1
Suppose 5*z - 417 = 3*z + m, z - 203 = -5*m. Suppose 6*j - z = 20. Let i = j - 20. What is the units digit of i?
8
Let t be (100/(-3))/(18/(-297)). Suppose -4*d - x = -t, 7*d = 3*d - 3*x + 546. What is the hundreds digit of d?
1
Let f = -87 + 81. What is the tens digit of (-3 - f)/((-21)/(-889))?
2
Let h(q) = -25*q**3 - q**2 - 5*q - 3. What is the hundreds digit of h(-2)?
2
Let d(m) = -m**2 + 14*m + 13. Let a be d(13). Let b = a - 24. Suppose 46 = 3*i - b*i. What is the units digit of i?
6
Let g be 2292/84 + 2/(-7). Let r = g + -29. Let h(k) = -6*k. What is the tens digit of h(r)?
1
Suppose 4*x - 50 = -3*k, -k = -x - 2 - 24. Let q = 50 - k. What is the units digit of q?
8
Let p(c) = 2*c**2 + 18*c - 20. Let w be p(-10). Suppose w = -3*v - 4*h + 705, -v + 0*h - h = -236. What is the tens digit of v?
3
Let b = -18 - 0. Let i = b - -18. Suppose i*t - 11 = -t. What is the units digit of t?
1
Let v = 24 - 117. Let h = v + 318. What is the hundreds digit of h?
2
Suppose 46*i - 36*i - 12310 = 0. What is the units digit of i?
1
Suppose 4110 + 1270 = -4*j. What is the tens digit of j/(-30) + 1/6?
4
Suppose 2*q - n - 85 = 0, -3*q - 2*n + 77 = -33. Suppose 0 = 9*r - 9 - 18. Suppose 0 = -c - r*d, 4*c - d = c + q. What is the tens digit of c?
1
Let a(q) = q**3 + 3*q**2 + 7*q - 5. Let z be a(-6). What is the units digit of (-33)/(-5) - (-93)/z?
6
Let c(u) be the first derivative of u**2/2 + 13*u + 5. Let w = -23 - -34. What is the tens digit of c(w)?
2
Suppose 5 + 5 = 5*c - 5*m, 0 = m + 2. Suppose c = 3*k - 9 - 18. What is the units digit of (52/3)/(6/k)?
6
Suppose 5*c - 441 = 4*c. What is the hundreds digit of c?
4
Suppose -z - 2 = -5*s - 26, -2*z = -s - 12. Let j = 325 - 303. Let f = s + j. What is the units digit of f?
8
Let t = 45 + -40. Let i be 1/((-10)/(-116))*t. Let d = -36 + i. What is the tens digit of d?
2
Suppose -3*h - 1356 = -4*t, -339 = 11*t - 12*t + 3*h. What is the hundreds digit of t?
3
Let w(q) = -6*q + 2 - 4 - 3 + 2. Let f be w(-3). Suppose 4*p - f = -7. What is the units digit of p?
2
Let h = -658 - -694. What is the tens digit of h?
3
Let b be 6*1*33/22. Suppose b*d - 6*d = 42. What is the units digit of d?
4
Let y(g) = 14*g**2 + 4*g + 46. What is the tens digit of y(8)?
7
Let n(g) = -7*g + 11. Let x be n(5). Let a(l) = -2*l + 46. What is the units digit of a(x)?
4
Suppose 5*p - 15 = 5. Let z be ((-1)/p)/(5/(-40)). Suppose -5*v - 20 = 0, -2*s = -3*s - z*v + 1. What is the units digit of s?
9
Let v be -62*7/(28/(-36)). Suppose -d = 2*j - 136, -4*d + 0*d - j + v = 0. What is the tens digit of d?
4
Let c(d) = 3*d**3 - d**2 - 3*d + 4. Let n be c(1). Suppose -4*z - 37 = -p + 130, -486 = -3*p - n*z. What is the tens digit of p?
6
Let j = -1944 - -3740. What is the hundreds digit of j?
7
Let w be (-1 + 0)/(1/(-4)). Suppose d + 2 = -2*b - w*d, 4 = -2*d. Suppose -4*g - 2*k + 3 = -1, 4*g - b*k = 16. What is the units digit of g?
2
Suppose -30*x + 34*x - 4004 = 0. What is the units digit of x?
1
Suppose 4*x - 4*s - 29 = -9, 0 = 4*x - s - 14. Suppose -x*h + 42 + 336 = 0. What is the units digit of h?
6
Let t = -48 - -46. What is the hundreds digit of 193 - (-4 - (t - 0))?
1
Let h(g) = -138*g + 85. What is the tens digit of h(-5)?
7
Let k be (-32)/(-7) - (-3)/7. Suppose 2*h - k*h = -33. What is the units digit of h?
1
Suppose -2*q - 86 = -2*v, 3*q - 53 = -v + 2*q. Let a = 2 + 0. Suppose -a*b - v = -6*b. What is the units digit of b?
2
Suppose 8*h - 3*h = 5*b - 25, -25 = -5*b. Suppose h = 5*r - 9 - 1. Suppose -r*o + 0*t + 104 = 5*t, 0 = 5*o + 3*t - 298. What is the units digit of o?
2
Suppose 4*z = -62 + 246. Suppose -4*y - 5*p = -511, -4*p = -4*y - z + 530. Suppose -5*o = -51 - y. What is the tens digit of o?
3
Let w(h) = -4 - 4 - h - 8. Let x be w(-16). Suppose x = -s + 6. What is the units digit of s?
6
Let f(j) = -4*j**2 - 27*j + 2. Let c(a) = -9*a**2 - 53*a + 4. Let v(t) = -6*c(t) + 13*f(t). What is the units digit of v(19)?
7
Suppose 0 = -0*h + 2*h - 3218. What is the tens digit of h?
0
Let s(q) be the third derivative of q**5/60 - q**4/6 - 47*q**3/6 + 34*q**2. What is the hundreds digit of s(15)?
1
Let r(c) = c**2 - 8*c + 9. Suppose -f - 136 = -5*f. Suppose -4*g - 3*v = -f, 5*g + 6*v = v + 40. What is the tens digit of r(g)?
2
Let u be (8/14)/((-18)/(-4977)). Suppose -190 = -o - u. What is the units digit of o?
2
Suppose 6*k - 15 = k, 0 = 5*m - 5*k. What is the units digit of -1 + m - (-2 - 30)?
4
Suppose 9468 = -278*b + 290*b. What is the tens digit of b?
8
What is the thousands digit of (-57968)/(-32) - 18/(-4)?
1
Let x(l) = -13*l**3 - 31*l**2 + 27*l + 65. Let o(t) = -3*t**3 - 8*t**2 + 7*t + 16. Let d(z) = 9*o(z) - 2*x(z). What is the units digit of d(-11)?
6
Let z = 23 + -33. What is the units digit of 1/(-2) + z/(-4)?
2
Suppose 124 = -11*m + 36. What is the units digit of (-684)/m + (-12)/(-8)?
7
Suppose -2*i + 4*o - 2 = 0, -3*o + 0*o = -5*i + 9. Let p(t) = t**3 - 3*t**2 + t + 2. Let q be p(i). Suppose q*u - 61 - 44 = 0. What is the tens digit of u?
2
What is the tens digit of (-43)/(20/264 - (-1)/(-6))?
7
Suppose -66*m + 57*m + 4689 = 0. What is the tens digit of m?
2
What is the units digit of 40/(5 - 0) - -356?
4
Suppose 27*q - 22*q + 175 = 0. Let p = q - -89. What is the tens digit of p?
5
What is the thousands digit of 191916/48 + (-9)/(-12)?
3
Suppose -11*x + 734 = -806. What is the units digit of x?
0
Let q(t) = 24*t**3 + t**2 - 2*t. What is the tens digit of q(3)?
5
Let l(b) = b**2 - 21*b + 19. Let x(w) = -w + 1. Let u(a) = -l(a) + 6*x(a). Let n be 6 + (6 - 11) + 11. What is the units digit of u(n)?
3
Let v = -14 - -17. Suppose -80 = -2*z - v*z. What is the units digit of z?
6
Let v(p) = p**3 + 11*p**2 + 2*p + 12. Suppose l - 44 = 5*l. Let y be v(l). What is the units digit of (-16)/y - 12/20?
1
Let v = -48 - -59. Suppose -9*d = -v*d + 172. What is the units digit of d?
6
Let n(l) = 7*l**2 + 46*l - 43. What is the hundreds digit of n(-27)?
8
Suppose 9 = 3*a, 4*b + 4*a - 18 = 34. Let r = 60 - b. What is the tens digit of r?
5
Let n(g) = g**2 - 3*g + 5. Let p(d) = d + 4. Suppose 0 = -3*k - 5 + 14. Let f be p(k). What is the units digit of n(f)?
3
Let q(x) = x**3 + 15*x**2 + 10*x - 13. Let v be q(-14). Let k = 73 - v. What is the units digit of k?
0
Let w(s) = -64*s - 254. What is the hundreds digit of w(-31)?
7
Let n = 2964 - 1802. What is the thousands digit of n?
1
Suppose -36 + 48 = 4*k. Suppose 0 = 4*m + k*v - 282, m + m + v - 140 = 0. What is the tens digit of m?
6
Let d = 15 - 10. Suppose -n - d*z = -8, -3*z = -2*n + n - 8. What is the tens digit of n + 1 + 14 + 3?
1
Suppose -16*j + 7815 = -9097. What is the hundreds digit of j?
0
Suppose -4*h + 3*h = -16. Let g be (h/(-4) + 4)/2. Suppose 0 = 4*k - g - 52. What is the tens digit of k?
1
Let y = 1860 + -1047. What is the units digit of y?
3
Let r = -66 + 71. Suppose 0 = r*x - 483 - 227. What is the units digit of x?
2
Suppose 67*j = 37356 + 2710. What is the tens digit of j?
9
Let o(d) = 6*d**3 + 2*d**2 - 1. Let h be o(1). Suppose v = 2 - 5, -2*v + 51 = -3*s. Let r = h - s. What is the tens digit of r?
2
Let t(i) = 7*i + 14. Let b be t(-10). Let f = b + -53. Let q = f + 169. What is the units digit of q?
0
Let v(w) = -94*w + 2 + w**3 - 3 + 83*w + 7*w**2 - 4. Let k be -6*(-3)/(-2) + 1. What is the units digit of v(k)?
9
Let j(z) = -z**3 + 11*z**2 + 5*z - 7. Let b be 4/(-14) - (-79)/7. Let s be j(b). Let c = -19 + s. What is the tens digit of c?
2
What is the tens digit of 181207/318 - 5/6?
6
Let v be (6/1)/(15 - 13). Suppose -20 = -4*n, 17 = s + s - v*n. What is the units digit of s?
6
Let z(o) = -o**2 + 38*o - 6. What is the units digit of z(20)?
4
Suppose 0*n = 2*y + 5*n - 2408, y - 4*n = 1230. What is the hundreds digit of y?
2
Let l(d) = 15*d**2 - 4*d - 3. Let f be l(-1). What is the tens digit of